 8 + 2. Suppose -a*c - 57040 = -56*c. What is the thousands digit of c?
1
Suppose 5*l - 8*l + 4*x = -20172, 5*x = 4*l - 26895. What is the tens digit of l?
2
Let x(w) = w**2 + 6*w + 14. Suppose 0 = -2*p + 8, -5*p = 5*m - m + 4. Let s be x(m). Let r(n) = 8*n - 7. What is the units digit of r(s)?
5
Suppose 2*v - 3*n - 6 = v, 2*v - 12 = 3*n. Let h(j) = -24*j - 17. Let u be h(v). Let c = -114 - u. What is the units digit of c?
7
Let b(t) = 518*t**2 + 351*t - 56. What is the thousands digit of b(7)?
7
Suppose 0 = -3*j, -5*n + j = 1987 - 35687. What is the tens digit of n?
4
Let h(m) = -22*m - 85. Let v be (-16)/(-64) + 58/(-8). What is the tens digit of h(v)?
6
Let t(c) = -39*c**2 + 6*c + 2. Let a(r) = r**3 + 20*r**2 + r + 22. Let w be a(-20). Let b be t(w). What is the units digit of (-3)/(-9) - b/6?
4
Let d = -2606 - 13010. What is the tens digit of (-164)/(-369) - d/18?
6
Let s(r) = -25*r**2 + 3 + 1013*r**3 - 1012*r**3 + 13 + 7*r + 27*r. What is the tens digit of s(25)?
6
Suppose 0 = j - 10*x - 38292, 5*j = 2*x - 7*x + 191845. What is the units digit of j?
2
Let v = 15 + -32. Let p = -54 - v. Let z = p - -42. What is the units digit of z?
5
Let q(d) = -5*d**3 + 156*d**2 - 91*d - 56. What is the tens digit of q(28)?
4
Suppose 4*r - r = -o + 998, -o = 1. What is the hundreds digit of (224/21 + -4)/(3/r)?
7
Let t be 21582/162 - 4*2/36. Suppose 6*j - t + 49 = 0. What is the tens digit of j?
1
Let a(t) = 64*t - 71 + 21*t**2 - 109*t + 57*t. What is the hundreds digit of a(5)?
5
Let z(q) = -2*q + 9. Let p be z(-9). Let b = 27 - p. What is the units digit of 88 + (3 - 2/2) - b?
0
Let a = 26 + -23. Suppose a*d + 2*w - 5 = 14, -3*d = -w - 4. What is the units digit of d?
3
Let f = 65 + 139. What is the tens digit of (-17)/(f/(-48))*(-1402)/(-8)?
0
Let a(k) = 6*k - 61. Let i be a(10). What is the hundreds digit of 20240/128 - i/(-8)?
1
Let x(h) = 3*h**3 + h**2 - 8*h + 44. Suppose 6*q - 647 = -629. What is the hundreds digit of x(q)?
1
Suppose 6*a - 2*g + 283363 = 11*a, -2*a - 2*g = -113344. What is the hundreds digit of a?
6
Let h = 27826 - 18163. What is the thousands digit of h?
9
Let z(u) = u**2 + 24*u - 217. Let c be z(-30). Let y(o) = -o**3 + 3*o**2 - 5*o - 1. Let t be y(5). Let i = c - t. What is the units digit of i?
9
Let w(u) = -u + 24. Let l be w(9). Suppose -l*q = -17*q + 1848. What is the hundreds digit of q?
9
Let r be (-45)/81*-5 + (-2)/(-9). Suppose -544 = 8*d - 9*d + 2*g, -r*d - 5*g = -1665. What is the tens digit of d?
5
Suppose -5*k - 2*a + 705 = 3*a, -4*k + 2*a = -534. What is the tens digit of 4/10 - k/(-40)*59?
0
Let w(j) = -4565*j - 735. What is the tens digit of w(-10)?
1
Let m(d) = -d + 25. Let t be (1/1)/(7/(-56)). Let k be (t/(-6))/(-5 - 1158/(-234)). What is the tens digit of m(k)?
5
Let l be (-120)/(-21) - (-6)/21. Suppose 0 = v + 3*b - l - 6, -2*b = -8. What is the units digit of 27*(4 + -1 - v) - 1?
0
Suppose -u = 3*p - 13319 - 140, -p - 53823 = -4*u. What is the thousands digit of u?
3
Let w = 272 - -136. Let d = -168 + w. What is the hundreds digit of d?
2
Let t(l) = 259*l + 7210. What is the tens digit of t(25)?
8
Suppose -5*c - 3*v - 4454 = 0, 2255 = -2*c + 3*v + 465. Let l = c + 1594. What is the hundreds digit of l?
7
Let l(t) = 1 - 6*t + 2*t - 23. Let u be (-6)/(-24) + ((-41)/4)/1. What is the units digit of l(u)?
8
Let p be 389 + (30/5 - 1). Suppose -395*k + p*k + 1109 = 0. What is the hundreds digit of k?
1
Suppose 43*g = 14*g + 1566. What is the thousands digit of 27/(g/(-6)) - -1085?
1
Suppose -72 = -15*k + 18*k. Let j = k + 30. Suppose j = 2*o - 304. What is the tens digit of o?
5
Suppose 44509 = f + i, 29*f - 34*f + 222527 = 2*i. What is the hundreds digit of f?
5
Let r be (-8)/36 + (-24496)/(-72). Let g = r - -87. What is the hundreds digit of g?
4
Let h = 3888 - 1506. Suppose 37*f - h = 5536. What is the tens digit of f?
1
Let h(w) be the second derivative of -w**3 + 23*w**2/2 - 81*w + 2. What is the tens digit of h(-5)?
5
Suppose 3*d + 4*j + 1873 = 0, -5*d - j - 3115 = 4*j. What is the hundreds digit of ((-1 - 3) + 3)*d?
6
Suppose 7*s - 283 - 1117 = 0. Suppose 0 = d - s - 1543. Suppose -23*v + d = -16*v. What is the tens digit of v?
4
Let s(n) = -67*n + 62. Let l(o) = -136*o + 124. Let f(v) = 2*l(v) - 5*s(v). What is the units digit of f(7)?
9
Let y(l) = 3*l**2 - 5*l - 13. Let j be y(8). Suppose j*k + 105 = 144*k. What is the units digit of k?
1
Suppose -10*c + 3*r + 36669 = 0, 22*r = c + 24*r - 3660. What is the thousands digit of c?
3
What is the hundreds digit of (5 + 13701/(-6))/((-25)/300)?
3
Suppose a - u = -3, -8*a + 3*a = -4*u + 12. Suppose -134 = 4*t + 5*s + 29, t + 5*s + 37 = a. Let r = 105 - t. What is the hundreds digit of r?
1
Suppose -164*s + 744009 = -635723. What is the hundreds digit of s?
4
Suppose -181 - 419 = -15*w. Suppose -310 = -w*i + 30*i. What is the tens digit of i?
3
Suppose 994 = 5*u + 2*y, -3*u + 7*y = 4*y - 588. What is the units digit of 64116/u - 4/(-22)?
4
Suppose 5*i - b + 567 - 105 = 0, 0 = i + 2*b + 88. Let t = i + 96. Suppose 0 = -t*o + 5*d - 3, -6*o + 5*o + 4*d = 9. What is the units digit of o?
3
Suppose -21*m + 6646 = -35060. Let w = m - 997. What is the hundreds digit of w?
9
Let d(h) = -7*h + 301. Let m be d(42). What is the hundreds digit of 4211/4 + (m - (-216)/(-32))?
0
Let n(j) = j**3 - 10*j**2 + 12. Let x be n(10). Let c be ((-4)/(-1) + x)/2. What is the units digit of (-4)/8 - (-644)/c?
0
Let w(g) = 11*g - 35. Let u(z) = -3*z + 25. Let q(c) = -2*c + 25. Let h(a) = 5*q(a) - 4*u(a). Let k be h(-4). What is the units digit of w(k)?
2
Let p = 202 + -201. What is the tens digit of (-3 - -1) + p*(0 - -238)?
3
Let m(i) = -i. Let w(g) be the second derivative of -g**4/4 + 5*g**3/3 + 8*g**2 - 8*g. Let s(b) = -6*m(b) - w(b). What is the units digit of s(-4)?
8
Suppose -2*z = -2*h - 534, -h + 6*h = -z - 1347. Let s = h + 448. What is the hundreds digit of s?
1
Suppose -3*t + v + 356 = -3*v, 16 = 4*v. Suppose 0 = -123*m + t*m - 980. What is the units digit of m?
0
What is the hundreds digit of ((-4)/12)/((-77)/18445875) - (-75)/(-275)?
8
Let j(f) = -8*f**2 + 2*f - 6. Let o be j(-6). Let i = 152 - o. What is the units digit of i?
8
Suppose 13*l + l + 42 = 0. Let v = -17 + 50. What is the tens digit of l - (1 + -4 - v)?
3
Let j(x) = 8*x + 0 - 2 - x**2 + 3 + 1. Let q be j(7). Suppose q*u - 70 = 4*u. What is the tens digit of u?
1
Let v be (-104)/(-2)*(4 + 0). Let a = v + 95. What is the units digit of a?
3
What is the units digit of 8091 + 24 + -12 + 3?
6
Let n = -4165 + 18416. What is the ten thousands digit of n?
1
What is the thousands digit of 72*(4016/32 + 12)?
9
Let z(u) be the second derivative of 2*u**2 - 3 + 5/3*u**4 - 3*u - 1/2*u**3. What is the units digit of z(-3)?
3
Let u = -1467 - -2089. Suppose 0 = -5*l + 3847 - u. Suppose -i = -6*i + l. What is the tens digit of i?
2
Let y(j) = j**3 + 16*j**2 - 18*j + 22. Let f be y(-17). Let b = 251 - f. What is the units digit of b?
2
Let t = 3087 + 590. What is the units digit of t?
7
Let f(o) = -3*o**2 - 4*o - 2*o**3 - 8 + 10*o - 12*o. What is the tens digit of f(-3)?
3
What is the tens digit of 49359/9 + 8 - 1/3?
9
Suppose 45*d - 355632 = 10*d + 19*d. What is the thousands digit of d?
2
Let g(l) = 2*l**2 + 9*l - 4. Let m be g(-5). Let w be 7 - 3/(-1)*-2. What is the tens digit of w*(m - 2) - (-221 - 1)?
2
Suppose -38688 = 365*i - 373*i. What is the hundreds digit of i?
8
Let w = 51516 - 35390. What is the ten thousands digit of w?
1
Let t be 6 + -1 + 2 + 1. Suppose 0 = -n + 1009 + 2592. Suppose -5*y - t*y = -n. What is the hundreds digit of y?
2
Let r(u) = -985*u - 2914. What is the ten thousands digit of r(-51)?
4
Let m = -262 - -436. Suppose 0 = -5*x + 91 + m. Suppose 0 = 2*w + 2*n - x - 19, 0 = 5*w - 4*n - 144. What is the tens digit of w?
3
Suppose 11*m = 7*m + 280. Suppose 0 = -4*q + m + 954. What is the hundreds digit of q?
2
Let f = 46 + -19. Let j be (-6)/(-27) - 60/f. What is the tens digit of (207*4/6)/(0 - j)?
6
Let p be 5/30*0 + 195. What is the units digit of (-2)/(-13) - (-5)/(p/8223)?
1
What is the hundreds digit of (14733/(-36))/((-7)/112)?
5
Let s be (0 - (-1)/2) + (-94)/(-4). Suppose 0 = -w - 7*w + s. Suppose w*q = -2*q + 360. What is the tens digit of q?
7
Suppose -r = 4*d - 5376, 4*r - 5726 = 5*d + 1